{"id":27077,"date":"2025-11-25T15:37:41","date_gmt":"2025-11-25T18:37:41","guid":{"rendered":"https:\/\/www.gravuragaleria.com.br\/?post_type=product&#038;p=27077"},"modified":"2025-11-25T15:38:37","modified_gmt":"2025-11-25T18:38:37","slug":"graca-hund-4","status":"publish","type":"product","link":"https:\/\/www.gravuragaleria.com.br\/?product=graca-hund-4","title":{"rendered":"Gra\u00e7a Hund"},"content":{"rendered":"<p>Escultura papel mach\u00e9 em caixa de acr\u00edlico<\/p>\n<p>30x20cm<\/p>\n<p>&nbsp;<\/p>\n","protected":false},"excerpt":{"rendered":"<p>Escultura papel mach\u00e9 em caixa de acr\u00edlico 30x20cm &nbsp;<\/p>\n","protected":false},"featured_media":27078,"comment_status":"closed","ping_status":"closed","template":"","meta":[],"product_cat":[31,27],"product_tag":[],"class_list":{"0":"post-27077","1":"product","2":"type-product","3":"status-publish","4":"has-post-thumbnail","6":"product_cat-escultura","7":"product_cat-exposicoes","9":"first","10":"instock","11":"shipping-taxable","12":"purchasable","13":"product-type-simple"},"_links":{"self":[{"href":"https:\/\/www.gravuragaleria.com.br\/index.php?rest_route=\/wp\/v2\/product\/27077","targetHints":{"allow":["GET"]}}],"collection":[{"href":"https:\/\/www.gravuragaleria.com.br\/index.php?rest_route=\/wp\/v2\/product"}],"about":[{"href":"https:\/\/www.gravuragaleria.com.br\/index.php?rest_route=\/wp\/v2\/types\/product"}],"replies":[{"embeddable":true,"href":"https:\/\/www.gravuragaleria.com.br\/index.php?rest_route=%2Fwp%2Fv2%2Fcomments&post=27077"}],"wp:featuredmedia":[{"embeddable":true,"href":"https:\/\/www.gravuragaleria.com.br\/index.php?rest_route=\/wp\/v2\/media\/27078"}],"wp:attachment":[{"href":"https:\/\/www.gravuragaleria.com.br\/index.php?rest_route=%2Fwp%2Fv2%2Fmedia&parent=27077"}],"wp:term":[{"taxonomy":"product_cat","embeddable":true,"href":"https:\/\/www.gravuragaleria.com.br\/index.php?rest_route=%2Fwp%2Fv2%2Fproduct_cat&post=27077"},{"taxonomy":"product_tag","embeddable":true,"href":"https:\/\/www.gravuragaleria.com.br\/index.php?rest_route=%2Fwp%2Fv2%2Fproduct_tag&post=27077"}],"curies":[{"name":"wp","href":"https:\/\/api.w.org\/{rel}","templated":true}]}}