{"id":23903,"date":"2024-05-15T16:03:40","date_gmt":"2024-05-15T19:03:40","guid":{"rendered":"https:\/\/www.gravuragaleria.com.br\/?post_type=product&#038;p=23903"},"modified":"2024-05-28T16:31:44","modified_gmt":"2024-05-28T19:31:44","slug":"paulina-eizirik","status":"publish","type":"product","link":"https:\/\/www.gravuragaleria.com.br\/?product=paulina-eizirik","title":{"rendered":"Paulina Eizirik"},"content":{"rendered":"<p>\u201cInterpretando as leis no interior dos 10 mandamentos\u201d, s\u00e9rie &#8220;Ra\u00edzes&#8221;<\/p>\n<p>Acr\u00edlica s\/ Eucatex<\/p>\n<p>48&#215;66<\/p>\n","protected":false},"excerpt":{"rendered":"<p>\u201cInterpretando as leis no interior dos 10 mandamentos\u201d, s\u00e9rie &#8220;Ra\u00edzes&#8221; Acr\u00edlica s\/ Eucatex 48&#215;66<\/p>\n","protected":false},"featured_media":23904,"comment_status":"closed","ping_status":"closed","template":"","meta":[],"product_cat":[54,29],"product_tag":[],"class_list":{"0":"post-23903","1":"product","2":"type-product","3":"status-publish","4":"has-post-thumbnail","6":"product_cat-paulina-eizirick","7":"product_cat-pintura","9":"first","10":"instock","11":"shipping-taxable","12":"purchasable","13":"product-type-simple"},"_links":{"self":[{"href":"https:\/\/www.gravuragaleria.com.br\/index.php?rest_route=\/wp\/v2\/product\/23903","targetHints":{"allow":["GET"]}}],"collection":[{"href":"https:\/\/www.gravuragaleria.com.br\/index.php?rest_route=\/wp\/v2\/product"}],"about":[{"href":"https:\/\/www.gravuragaleria.com.br\/index.php?rest_route=\/wp\/v2\/types\/product"}],"replies":[{"embeddable":true,"href":"https:\/\/www.gravuragaleria.com.br\/index.php?rest_route=%2Fwp%2Fv2%2Fcomments&post=23903"}],"wp:featuredmedia":[{"embeddable":true,"href":"https:\/\/www.gravuragaleria.com.br\/index.php?rest_route=\/wp\/v2\/media\/23904"}],"wp:attachment":[{"href":"https:\/\/www.gravuragaleria.com.br\/index.php?rest_route=%2Fwp%2Fv2%2Fmedia&parent=23903"}],"wp:term":[{"taxonomy":"product_cat","embeddable":true,"href":"https:\/\/www.gravuragaleria.com.br\/index.php?rest_route=%2Fwp%2Fv2%2Fproduct_cat&post=23903"},{"taxonomy":"product_tag","embeddable":true,"href":"https:\/\/www.gravuragaleria.com.br\/index.php?rest_route=%2Fwp%2Fv2%2Fproduct_tag&post=23903"}],"curies":[{"name":"wp","href":"https:\/\/api.w.org\/{rel}","templated":true}]}}