{"id":19143,"date":"2022-08-10T14:48:32","date_gmt":"2022-08-10T17:48:32","guid":{"rendered":"https:\/\/www.gravuragaleria.com.br\/?post_type=product&#038;p=19143"},"modified":"2023-06-26T15:55:49","modified_gmt":"2023-06-26T18:55:49","slug":"silvia-brum-4","status":"publish","type":"product","link":"https:\/\/www.gravuragaleria.com.br\/?product=silvia-brum-4","title":{"rendered":"S\u00edlvia Brum"},"content":{"rendered":"<p>Impress\u00e3o Fine Art com pigmento mineral sobre papel Hahnem\u00fchle 308g.<\/p>\n<p>58x57cm<\/p>\n","protected":false},"excerpt":{"rendered":"<p>Impress\u00e3o Fine Art com pigmento mineral sobre papel Hahnem\u00fchle 308g. 58x57cm<\/p>\n","protected":false},"featured_media":19035,"comment_status":"closed","ping_status":"closed","template":"","meta":[],"product_cat":[86,27,35],"product_tag":[],"class_list":{"0":"post-19143","1":"product","2":"type-product","3":"status-publish","4":"has-post-thumbnail","6":"product_cat-casacor-2022","7":"product_cat-exposicoes","8":"product_cat-tecnica-mista","10":"first","11":"instock","12":"shipping-taxable","13":"purchasable","14":"product-type-simple"},"_links":{"self":[{"href":"https:\/\/www.gravuragaleria.com.br\/index.php?rest_route=\/wp\/v2\/product\/19143","targetHints":{"allow":["GET"]}}],"collection":[{"href":"https:\/\/www.gravuragaleria.com.br\/index.php?rest_route=\/wp\/v2\/product"}],"about":[{"href":"https:\/\/www.gravuragaleria.com.br\/index.php?rest_route=\/wp\/v2\/types\/product"}],"replies":[{"embeddable":true,"href":"https:\/\/www.gravuragaleria.com.br\/index.php?rest_route=%2Fwp%2Fv2%2Fcomments&post=19143"}],"wp:featuredmedia":[{"embeddable":true,"href":"https:\/\/www.gravuragaleria.com.br\/index.php?rest_route=\/wp\/v2\/media\/19035"}],"wp:attachment":[{"href":"https:\/\/www.gravuragaleria.com.br\/index.php?rest_route=%2Fwp%2Fv2%2Fmedia&parent=19143"}],"wp:term":[{"taxonomy":"product_cat","embeddable":true,"href":"https:\/\/www.gravuragaleria.com.br\/index.php?rest_route=%2Fwp%2Fv2%2Fproduct_cat&post=19143"},{"taxonomy":"product_tag","embeddable":true,"href":"https:\/\/www.gravuragaleria.com.br\/index.php?rest_route=%2Fwp%2Fv2%2Fproduct_tag&post=19143"}],"curies":[{"name":"wp","href":"https:\/\/api.w.org\/{rel}","templated":true}]}}