{"id":13096,"date":"2020-10-13T18:10:33","date_gmt":"2020-10-13T21:10:33","guid":{"rendered":"http:\/\/www.gravuragaleria.com.br\/?post_type=product&#038;p=13096"},"modified":"2022-01-27T15:26:46","modified_gmt":"2022-01-27T18:26:46","slug":"evandro-caldeira-7","status":"publish","type":"product","link":"https:\/\/www.gravuragaleria.com.br\/?product=evandro-caldeira-7","title":{"rendered":"Evandro Caldeira"},"content":{"rendered":"<p><strong><em>Dentro de mim<\/em><\/strong><\/p>\n<p>T\u00e9cnica mista (colagem, bordado, costura) sobre papel canson A4<\/p>\n<p>31x40cm<\/p>\n","protected":false},"excerpt":{"rendered":"<p>Evandro Weigert Caldeira nasceu em Santa Maria em 1973. Foi aluno dos ateli\u00eas de desenho e de pintura do Instituto Municipal de Artes Eduardo Trevisan (hoje Escola Municipal de Artes), em 1990, quando participou de suas primeiras exposi\u00e7\u00f5es. Licenciado em Letras, possui mestrado e doutorado em Teoria da Literatura (PUCRS). \u00c9 bacharel em Desenho e Pl\u00e1stica (atual Artes Visuais) pela UFSM. Participou de algumas exposi\u00e7\u00f5es individuais e coletivas durante a d\u00e9cada de 90 e in\u00edcio dos anos 2000. Atualmente \u00e9 professor das redes municipais de ensino de Santa Maria e de Itaara (RS) e atende como Psicopedagogo em consult\u00f3rio particular.<br \/>\nNeste ano, retomou a carreira art\u00edstica, participando da Exposi\u00e7\u00e3o ConfinArt da Gravura Galeria de Arte.<\/p>\n","protected":false},"featured_media":13097,"comment_status":"closed","ping_status":"closed","template":"","meta":[],"product_cat":[42,27,47,65,35],"product_tag":[],"class_list":{"0":"post-13096","1":"product","2":"type-product","3":"status-publish","4":"has-post-thumbnail","6":"product_cat-entre-fios-e-entrelinhas-um-olhar-sobre-clarice","7":"product_cat-exposicoes","8":"product_cat-natal-arte-2020","9":"product_cat-natal-arte-2021","10":"product_cat-tecnica-mista","12":"first","13":"instock","14":"shipping-taxable","15":"purchasable","16":"product-type-simple"},"_links":{"self":[{"href":"https:\/\/www.gravuragaleria.com.br\/index.php?rest_route=\/wp\/v2\/product\/13096","targetHints":{"allow":["GET"]}}],"collection":[{"href":"https:\/\/www.gravuragaleria.com.br\/index.php?rest_route=\/wp\/v2\/product"}],"about":[{"href":"https:\/\/www.gravuragaleria.com.br\/index.php?rest_route=\/wp\/v2\/types\/product"}],"replies":[{"embeddable":true,"href":"https:\/\/www.gravuragaleria.com.br\/index.php?rest_route=%2Fwp%2Fv2%2Fcomments&post=13096"}],"wp:featuredmedia":[{"embeddable":true,"href":"https:\/\/www.gravuragaleria.com.br\/index.php?rest_route=\/wp\/v2\/media\/13097"}],"wp:attachment":[{"href":"https:\/\/www.gravuragaleria.com.br\/index.php?rest_route=%2Fwp%2Fv2%2Fmedia&parent=13096"}],"wp:term":[{"taxonomy":"product_cat","embeddable":true,"href":"https:\/\/www.gravuragaleria.com.br\/index.php?rest_route=%2Fwp%2Fv2%2Fproduct_cat&post=13096"},{"taxonomy":"product_tag","embeddable":true,"href":"https:\/\/www.gravuragaleria.com.br\/index.php?rest_route=%2Fwp%2Fv2%2Fproduct_tag&post=13096"}],"curies":[{"name":"wp","href":"https:\/\/api.w.org\/{rel}","templated":true}]}}

<p><strong><em>Dentro de mim</em></strong></p>
<p>Técnica mista (colagem, bordado, costura) sobre papel canson A4</p>
<p>31x40cm</p>

<p>Evandro Weigert Caldeira nasceu em Santa Maria em 1973. Foi aluno dos ateliês de desenho e de pintura do Instituto Municipal de Artes Eduardo Trevisan (hoje Escola Municipal de Artes), em 1990, quando participou de suas primeiras exposições. Licenciado em Letras, possui mestrado e doutorado em Teoria da Literatura (PUCRS). É bacharel em Desenho e Plástica (atual Artes Visuais) pela UFSM. Participou de algumas exposições individuais e coletivas durante a década de 90 e início dos anos 2000. Atualmente é professor das redes municipais de ensino de Santa Maria e de Itaara (RS) e atende como Psicopedagogo em consultório particular.<br />
Neste ano, retomou a carreira artística, participando da Exposição ConfinArt da Gravura Galeria de Arte.</p>
