  {"id":12362,"date":"2020-08-01T15:13:08","date_gmt":"2020-08-01T18:13:08","guid":{"rendered":"http:\/\/www.gravuragaleria.com.br\/?post_type=product&#038;p=12362"},"modified":"2025-08-18T10:17:53","modified_gmt":"2025-08-18T13:17:53","slug":"marcelo-hubner","status":"publish","type":"product","link":"https:\/\/www.gravuragaleria.com.br\/?product=marcelo-hubner","title":{"rendered":"Marcelo H\u00fcbner"},"content":{"rendered":"<p>MHU 0053<\/p>\n<p>T\u00e9cnica: Pintura acr\u00edlica sobre tela<\/p>\n<p>Dimens\u00f5es: 90 x 100 cm<\/p>\n<p>T\u00edtulo: Flores com jornais<\/p>\n","protected":false},"excerpt":{"rendered":"<p>Marcelo H\u00fcbner ( Porto Alegre, Brasil,1969) \u00e9 pintor e escultor com dedica\u00e7\u00e3o exclusiva \u00e0 arte h\u00e1 quase 20 anos. Formado em Publicidade e Propaganda realizou mais de 40 exposi\u00e7\u00f5es individuais e diversas coletivas. Tem obras diversas publicadas em livros e revistas de arte e arquitetura. Com grande dom\u00ednio das cores, sua obra traz uma mensagem alegre e efusiva de um olhar livre quase alheio ao drama humano, fixando nas matizes e no que estas possam reverberar sensa\u00e7\u00f5es positivas ao espectador. Participou de diversas exposi\u00e7\u00f5es individuais e coletivas com destaque para a coletiva Art South Brazil in Miami em 2018. Em 2020, est\u00e1 pintando diversas obras e doando aos hospitais do Rio Grande do Sul atrav\u00e9s do trabalho dos Arquitetos Volunt\u00e1rios.<\/p>\n","protected":false},"featured_media":12363,"comment_status":"closed","ping_status":"closed","template":"","meta":[],"product_cat":[55,97,28,27,49,29],"product_tag":[],"class_list":{"0":"post-12362","1":"product","2":"type-product","3":"status-publish","4":"has-post-thumbnail","6":"product_cat-25-anos-de-arte-gravura-galeria","7":"product_cat-atlantida-arte-em-poa-2023","8":"product_cat-confinart","9":"product_cat-exposicoes","10":"product_cat-mostra-virtual-art-deco","11":"product_cat-pintura","13":"first","14":"instock","15":"shipping-taxable","16":"purchasable","17":"product-type-simple"},"_links":{"self":[{"href":"https:\/\/www.gravuragaleria.com.br\/index.php?rest_route=\/wp\/v2\/product\/12362","targetHints":{"allow":["GET"]}}],"collection":[{"href":"https:\/\/www.gravuragaleria.com.br\/index.php?rest_route=\/wp\/v2\/product"}],"about":[{"href":"https:\/\/www.gravuragaleria.com.br\/index.php?rest_route=\/wp\/v2\/types\/product"}],"replies":[{"embeddable":true,"href":"https:\/\/www.gravuragaleria.com.br\/index.php?rest_route=%2Fwp%2Fv2%2Fcomments&post=12362"}],"wp:featuredmedia":[{"embeddable":true,"href":"https:\/\/www.gravuragaleria.com.br\/index.php?rest_route=\/wp\/v2\/media\/12363"}],"wp:attachment":[{"href":"https:\/\/www.gravuragaleria.com.br\/index.php?rest_route=%2Fwp%2Fv2%2Fmedia&parent=12362"}],"wp:term":[{"taxonomy":"product_cat","embeddable":true,"href":"https:\/\/www.gravuragaleria.com.br\/index.php?rest_route=%2Fwp%2Fv2%2Fproduct_cat&post=12362"},{"taxonomy":"product_tag","embeddable":true,"href":"https:\/\/www.gravuragaleria.com.br\/index.php?rest_route=%2Fwp%2Fv2%2Fproduct_tag&post=12362"}],"curies":[{"name":"wp","href":"https:\/\/api.w.org\/{rel}","templated":true}]}}