{"id":12253,"date":"2020-07-31T11:41:08","date_gmt":"2020-07-31T14:41:08","guid":{"rendered":"http:\/\/www.gravuragaleria.com.br\/?post_type=product&#038;p=12253"},"modified":"2024-03-12T11:10:06","modified_gmt":"2024-03-12T14:10:06","slug":"evandro-w-caldeira","status":"publish","type":"product","link":"https:\/\/www.gravuragaleria.com.br\/?product=evandro-w-caldeira","title":{"rendered":"Evandro Caldeira"},"content":{"rendered":"<p><strong><em>Metamorfose<\/em><\/strong><\/p>\n<p>T\u00e9cnica mista (colagem, bordado, costura) sobre papel canson A4<\/p>\n<p>31x40cm<\/p>\n","protected":false},"excerpt":{"rendered":"<p>Evandro Weigert Caldeira nasceu em Santa Maria em 1973. Foi aluno dos ateli\u00eas de desenho e de pintura do Instituto Municipal de Artes Eduardo Trevisan (hoje Escola Municipal de Artes), em 1990, quando participou de suas primeiras exposi\u00e7\u00f5es. Licenciado em Letras, possui mestrado e doutorado em Teoria da Literatura (PUCRS). \u00c9 bacharel em Desenho e Pl\u00e1stica (atual Artes Visuais) pela UFSM. Participou de algumas exposi\u00e7\u00f5es individuais e coletivas durante a d\u00e9cada de 90 e in\u00edcio dos anos 2000. Atualmente \u00e9 professor das redes municipais de ensino de Santa Maria e de Itaara (RS) e atende como Psicopedagogo em consult\u00f3rio particular.<br \/>\nNeste ano, retomou a carreira art\u00edstica, participando da Exposi\u00e7\u00e3o ConfinArt da Gravura Galeria de Arte.<\/p>\n","protected":false},"featured_media":12254,"comment_status":"closed","ping_status":"closed","template":"","meta":[],"product_cat":[42,28,27,35],"product_tag":[],"class_list":{"0":"post-12253","1":"product","2":"type-product","3":"status-publish","4":"has-post-thumbnail","6":"product_cat-entre-fios-e-entrelinhas-um-olhar-sobre-clarice","7":"product_cat-confinart","8":"product_cat-exposicoes","9":"product_cat-tecnica-mista","11":"first","12":"instock","13":"shipping-taxable","14":"purchasable","15":"product-type-simple"},"_links":{"self":[{"href":"https:\/\/www.gravuragaleria.com.br\/index.php?rest_route=\/wp\/v2\/product\/12253","targetHints":{"allow":["GET"]}}],"collection":[{"href":"https:\/\/www.gravuragaleria.com.br\/index.php?rest_route=\/wp\/v2\/product"}],"about":[{"href":"https:\/\/www.gravuragaleria.com.br\/index.php?rest_route=\/wp\/v2\/types\/product"}],"replies":[{"embeddable":true,"href":"https:\/\/www.gravuragaleria.com.br\/index.php?rest_route=%2Fwp%2Fv2%2Fcomments&post=12253"}],"wp:featuredmedia":[{"embeddable":true,"href":"https:\/\/www.gravuragaleria.com.br\/index.php?rest_route=\/wp\/v2\/media\/12254"}],"wp:attachment":[{"href":"https:\/\/www.gravuragaleria.com.br\/index.php?rest_route=%2Fwp%2Fv2%2Fmedia&parent=12253"}],"wp:term":[{"taxonomy":"product_cat","embeddable":true,"href":"https:\/\/www.gravuragaleria.com.br\/index.php?rest_route=%2Fwp%2Fv2%2Fproduct_cat&post=12253"},{"taxonomy":"product_tag","embeddable":true,"href":"https:\/\/www.gravuragaleria.com.br\/index.php?rest_route=%2Fwp%2Fv2%2Fproduct_tag&post=12253"}],"curies":[{"name":"wp","href":"https:\/\/api.w.org\/{rel}","templated":true}]}}

<p><strong><em>Metamorfose</em></strong></p>
<p>Técnica mista (colagem, bordado, costura) sobre papel canson A4</p>
<p>31x40cm</p>

<p>Evandro Weigert Caldeira nasceu em Santa Maria em 1973. Foi aluno dos ateliês de desenho e de pintura do Instituto Municipal de Artes Eduardo Trevisan (hoje Escola Municipal de Artes), em 1990, quando participou de suas primeiras exposições. Licenciado em Letras, possui mestrado e doutorado em Teoria da Literatura (PUCRS). É bacharel em Desenho e Plástica (atual Artes Visuais) pela UFSM. Participou de algumas exposições individuais e coletivas durante a década de 90 e início dos anos 2000. Atualmente é professor das redes municipais de ensino de Santa Maria e de Itaara (RS) e atende como Psicopedagogo em consultório particular.<br />
Neste ano, retomou a carreira artística, participando da Exposição ConfinArt da Gravura Galeria de Arte.</p>
