{"id":2974,"date":"2018-05-30T14:40:48","date_gmt":"2018-05-30T17:40:48","guid":{"rendered":"http:\/\/gravuragaleria1.tempsite.ws\/?page_id=2974"},"modified":"2025-02-03T10:10:12","modified_gmt":"2025-02-03T13:10:12","slug":"atlantida-arte","status":"publish","type":"page","link":"https:\/\/www.gravuragaleria.com.br\/?page_id=2974","title":{"rendered":"Atl\u00e2ntida Arte"},"content":{"rendered":"<div id='av_section_1'  class='avia-section main_color avia-section-large avia-no-border-styling  avia-bg-style-scroll  avia-builder-el-0  el_before_av_section  avia-builder-el-first   container_wrap fullsize' style='background-color: #0e3260;  '  ><div class='container' ><main  role=\"main\" itemprop=\"mainContentOfPage\"  class='template-page content  av-content-full alpha units'><div class='post-entry post-entry-type-page post-entry-2974'><div class='entry-content-wrapper clearfix'>\n<div  style='padding-bottom:10px; color:#ffffff;' class='av-special-heading av-special-heading-h2 custom-color-heading blockquote modern-quote modern-centered  avia-builder-el-1  avia-builder-el-no-sibling  '><h2 class='av-special-heading-tag '  itemprop=\"headline\"  >ATL\u00c2NTIDA ARTE<\/h2><div class='special-heading-border'><div class='special-heading-inner-border' style='border-color:#ffffff'><\/div><\/div><\/div>\n\n<\/div><\/div><\/main><!-- close content main element --><\/div><\/div><div id='av_section_2'  class='avia-section main_color avia-section-default avia-no-shadow  avia-bg-style-scroll  avia-builder-el-2  el_after_av_section  avia-builder-el-last   container_wrap fullsize' style='background-color: #ffffff;  '  ><div class='container' ><div class='template-page content  av-content-full alpha units'><div class='post-entry post-entry-type-page post-entry-2974'><div class='entry-content-wrapper clearfix'>\n<div class=\"flex_column av_one_third  flex_column_div av-zero-column-padding first  avia-builder-el-3  el_before_av_two_third  avia-builder-el-first  \" style='border-radius:0px; '><p><div  class='avia-image-container  av-styling-    avia-builder-el-4  el_before_av_textblock  avia-builder-el-first  avia-align-center '  itemprop=\"image\" itemscope=\"itemscope\" itemtype=\"https:\/\/schema.org\/ImageObject\"  ><div class='avia-image-container-inner'><div class='avia-image-overlay-wrap'><img class='avia_image' src='https:\/\/www.gravuragaleria.com.br\/wp-content\/uploads\/2025\/02\/WhatsApp-Image-2025-02-02-at-09.18.08-225x300.jpeg' alt='' title='WhatsApp Image 2025-02-02 at 09.18.08' height=\"300\" width=\"225\"  itemprop=\"thumbnailUrl\"  \/><\/div><\/div><\/div><br \/>\n<section class=\"av_textblock_section \"  itemscope=\"itemscope\" itemtype=\"https:\/\/schema.org\/CreativeWork\" ><div class='avia_textblock  '   itemprop=\"text\" ><p>Todos os anos, com a chegada do ver\u00e3o, a Gravura Galeria apresenta o <strong>Atl\u00e2ntida Arte<\/strong>, na Av. Paraguassu, 5199, em Atl\u00e2ntida, RS.<\/p>\n<p>A grande \u00e1rea da exposi\u00e7\u00e3o permite que todas as obras sejam apreciadas individualmente e o p\u00fablico circule livremente. Desta forma, al\u00e9m da beleza singular do litoral, os veranistas poder\u00e3o apreciar a pluralidade da arte num espa\u00e7o diverso e movimentado pela curiosidade dos turistas que procuram atividades durante as f\u00e9rias.<\/p>\n<\/div><\/section><\/p><\/div><div class=\"flex_column av_two_third  flex_column_div av-zero-column-padding   avia-builder-el-6  el_after_av_one_third  avia-builder-el-last  \" style='border-radius:0px; '><div  id=\"1\"  class='av-magazine   avia-builder-el-7  avia-builder-el-no-sibling   av-magazine-top-bar-active av-magazine-tabs-active' ><div class='av-magazine-top-bar ' ><\/div><div class='av-magazine-group sort_all'><article class='av-magazine-entry av-magazine-entry-id-26126 av-magazine-format-standard av-magazine-type-post av-magazine-entry-1 av-magazine-entry-small '  itemscope=\"itemscope\" itemtype=\"https:\/\/schema.org\/CreativeWork\" ><div class='av-magazine-thumbnail'><a href='https:\/\/www.gravuragaleria.com.br\/?p=26126' title='Link to: Exposi\u00e7\u00e3o \u201cAtrav\u00e9s: Po\u00e9ticas da Materialidade\u201d explora pluralidade de materiais como instrumentos art\u00edsticos' class='av-magazine-thumbnail-link '><img loading=\"lazy\" decoding=\"async\" width=\"80\" height=\"80\" src=\"https:\/\/www.gravuragaleria.com.br\/wp-content\/uploads\/2025\/04\/CONVITEvirtual-80x80.jpg\" class=\"attachment-thumbnail size-thumbnail wp-post-image\" alt=\"\" srcset=\"https:\/\/www.gravuragaleria.com.br\/wp-content\/uploads\/2025\/04\/CONVITEvirtual-80x80.jpg 80w, https:\/\/www.gravuragaleria.com.br\/wp-content\/uploads\/2025\/04\/CONVITEvirtual-36x36.jpg 36w, https:\/\/www.gravuragaleria.com.br\/wp-content\/uploads\/2025\/04\/CONVITEvirtual-180x180.jpg 180w, https:\/\/www.gravuragaleria.com.br\/wp-content\/uploads\/2025\/04\/CONVITEvirtual-120x120.jpg 120w, https:\/\/www.gravuragaleria.com.br\/wp-content\/uploads\/2025\/04\/CONVITEvirtual-450x450.jpg 450w, https:\/\/www.gravuragaleria.com.br\/wp-content\/uploads\/2025\/04\/CONVITEvirtual-300x300.jpg 300w, https:\/\/www.gravuragaleria.com.br\/wp-content\/uploads\/2025\/04\/CONVITEvirtual-100x100.jpg 100w\" sizes=\"auto, (max-width: 80px) 100vw, 80px\" \/><\/a><\/div><div class='av-magazine-content-wrap'><header class='entry-content-header'><time class='av-magazine-time updated'  itemprop=\"datePublished\" datetime=\"2025-04-09T10:40:11-03:00\" >9 de abril de 2025<\/time><h3 class='av-magazine-title entry-title '  itemprop=\"headline\" ><a href='https:\/\/www.gravuragaleria.com.br\/?p=26126' title='Link to: Exposi\u00e7\u00e3o \u201cAtrav\u00e9s: Po\u00e9ticas da Materialidade\u201d explora pluralidade de materiais como instrumentos art\u00edsticos'>Exposi\u00e7\u00e3o \u201cAtrav\u00e9s: Po\u00e9ticas da Materialidade\u201d explora pluralidade de materiais como instrumentos art\u00edsticos<\/a><\/h3><\/header><\/div><footer class='entry-footer'><\/footer><\/article><article class='av-magazine-entry av-magazine-entry-id-25941 av-magazine-format-standard av-magazine-type-post av-magazine-entry-2 av-magazine-entry-small '  itemscope=\"itemscope\" itemtype=\"https:\/\/schema.org\/CreativeWork\" ><div class='av-magazine-thumbnail'><a href='https:\/\/www.gravuragaleria.com.br\/?p=25941' title='Link to: Gravura Galeria de Arte apresenta a exposi\u00e7\u00e3o de esculturas \u201cCorpos\u201d' class='av-magazine-thumbnail-link '><img loading=\"lazy\" decoding=\"async\" width=\"80\" height=\"80\" src=\"https:\/\/www.gravuragaleria.com.br\/wp-content\/uploads\/2025\/03\/482061808_667758422270650_3726295179615723819_n-80x80.png\" class=\"attachment-thumbnail size-thumbnail wp-post-image\" alt=\"\" srcset=\"https:\/\/www.gravuragaleria.com.br\/wp-content\/uploads\/2025\/03\/482061808_667758422270650_3726295179615723819_n-80x80.png 80w, https:\/\/www.gravuragaleria.com.br\/wp-content\/uploads\/2025\/03\/482061808_667758422270650_3726295179615723819_n-36x36.png 36w, https:\/\/www.gravuragaleria.com.br\/wp-content\/uploads\/2025\/03\/482061808_667758422270650_3726295179615723819_n-180x180.png 180w, https:\/\/www.gravuragaleria.com.br\/wp-content\/uploads\/2025\/03\/482061808_667758422270650_3726295179615723819_n-120x120.png 120w, https:\/\/www.gravuragaleria.com.br\/wp-content\/uploads\/2025\/03\/482061808_667758422270650_3726295179615723819_n-450x450.png 450w, https:\/\/www.gravuragaleria.com.br\/wp-content\/uploads\/2025\/03\/482061808_667758422270650_3726295179615723819_n-300x300.png 300w, https:\/\/www.gravuragaleria.com.br\/wp-content\/uploads\/2025\/03\/482061808_667758422270650_3726295179615723819_n-100x100.png 100w\" sizes=\"auto, (max-width: 80px) 100vw, 80px\" \/><\/a><\/div><div class='av-magazine-content-wrap'><header class='entry-content-header'><time class='av-magazine-time updated'  itemprop=\"datePublished\" datetime=\"2025-03-11T14:50:02-03:00\" >11 de mar\u00e7o de 2025<\/time><h3 class='av-magazine-title entry-title '  itemprop=\"headline\" ><a href='https:\/\/www.gravuragaleria.com.br\/?p=25941' title='Link to: Gravura Galeria de Arte apresenta a exposi\u00e7\u00e3o de esculturas \u201cCorpos\u201d'>Gravura Galeria de Arte apresenta a exposi\u00e7\u00e3o de esculturas \u201cCorpos\u201d<\/a><\/h3><\/header><\/div><footer class='entry-footer'><\/footer><\/article><article class='av-magazine-entry av-magazine-entry-id-25834 av-magazine-format-standard av-magazine-type-post av-magazine-entry-3 av-magazine-entry-small '  itemscope=\"itemscope\" itemtype=\"https:\/\/schema.org\/CreativeWork\" ><div class='av-magazine-thumbnail'><a href='https:\/\/www.gravuragaleria.com.br\/?p=25834' title='Link to: Gravura Galeria de Arte comemora os 20 anos de Veraneio Atl\u00e2ntida Arte' class='av-magazine-thumbnail-link '><img loading=\"lazy\" decoding=\"async\" width=\"80\" height=\"80\" src=\"https:\/\/www.gravuragaleria.com.br\/wp-content\/uploads\/2024\/12\/Screenshot-2024-12-27-at-12.46.11-80x80.png\" class=\"attachment-thumbnail size-thumbnail wp-post-image\" alt=\"\" srcset=\"https:\/\/www.gravuragaleria.com.br\/wp-content\/uploads\/2024\/12\/Screenshot-2024-12-27-at-12.46.11-80x80.png 80w, https:\/\/www.gravuragaleria.com.br\/wp-content\/uploads\/2024\/12\/Screenshot-2024-12-27-at-12.46.11-36x36.png 36w, https:\/\/www.gravuragaleria.com.br\/wp-content\/uploads\/2024\/12\/Screenshot-2024-12-27-at-12.46.11-180x180.png 180w, https:\/\/www.gravuragaleria.com.br\/wp-content\/uploads\/2024\/12\/Screenshot-2024-12-27-at-12.46.11-120x120.png 120w, https:\/\/www.gravuragaleria.com.br\/wp-content\/uploads\/2024\/12\/Screenshot-2024-12-27-at-12.46.11-450x450.png 450w, https:\/\/www.gravuragaleria.com.br\/wp-content\/uploads\/2024\/12\/Screenshot-2024-12-27-at-12.46.11-300x300.png 300w, https:\/\/www.gravuragaleria.com.br\/wp-content\/uploads\/2024\/12\/Screenshot-2024-12-27-at-12.46.11-100x100.png 100w\" sizes=\"auto, (max-width: 80px) 100vw, 80px\" \/><\/a><\/div><div class='av-magazine-content-wrap'><header class='entry-content-header'><time class='av-magazine-time updated'  itemprop=\"datePublished\" datetime=\"2024-12-27T10:25:56-03:00\" >27 de dezembro de 2024<\/time><h3 class='av-magazine-title entry-title '  itemprop=\"headline\" ><a href='https:\/\/www.gravuragaleria.com.br\/?p=25834' title='Link to: Gravura Galeria de Arte comemora os 20 anos de Veraneio Atl\u00e2ntida Arte'>Gravura Galeria de Arte comemora os 20 anos de Veraneio Atl\u00e2ntida Arte<\/a><\/h3><\/header><\/div><footer class='entry-footer'><\/footer><\/article><\/div><\/div><\/div>","protected":false},"excerpt":{"rendered":"","protected":false},"author":1,"featured_media":0,"parent":0,"menu_order":0,"comment_status":"closed","ping_status":"closed","template":"","meta":{"footnotes":""},"class_list":["post-2974","page","type-page","status-publish","hentry"],"_links":{"self":[{"href":"https:\/\/www.gravuragaleria.com.br\/index.php?rest_route=\/wp\/v2\/pages\/2974","targetHints":{"allow":["GET"]}}],"collection":[{"href":"https:\/\/www.gravuragaleria.com.br\/index.php?rest_route=\/wp\/v2\/pages"}],"about":[{"href":"https:\/\/www.gravuragaleria.com.br\/index.php?rest_route=\/wp\/v2\/types\/page"}],"author":[{"embeddable":true,"href":"https:\/\/www.gravuragaleria.com.br\/index.php?rest_route=\/wp\/v2\/users\/1"}],"replies":[{"embeddable":true,"href":"https:\/\/www.gravuragaleria.com.br\/index.php?rest_route=%2Fwp%2Fv2%2Fcomments&post=2974"}],"version-history":[{"count":7,"href":"https:\/\/www.gravuragaleria.com.br\/index.php?rest_route=\/wp\/v2\/pages\/2974\/revisions"}],"predecessor-version":[{"id":25919,"href":"https:\/\/www.gravuragaleria.com.br\/index.php?rest_route=\/wp\/v2\/pages\/2974\/revisions\/25919"}],"wp:attachment":[{"href":"https:\/\/www.gravuragaleria.com.br\/index.php?rest_route=%2Fwp%2Fv2%2Fmedia&parent=2974"}],"curies":[{"name":"wp","href":"https:\/\/api.w.org\/{rel}","templated":true}]}}

Atlântida Arte

<div id='av_section_1'  class='avia-section main_color avia-section-large avia-no-border-styling  avia-bg-style-scroll  avia-builder-el-0  el_before_av_section  avia-builder-el-first   container_wrap fullsize' style='background-color: #0e3260;  '  ><div class='container' ><main  role="main" itemprop="mainContentOfPage"  class='template-page content  av-content-full alpha units'><div class='post-entry post-entry-type-page post-entry-2974'><div class='entry-content-wrapper clearfix'>
<div  style='padding-bottom:10px; color:#ffffff;' class='av-special-heading av-special-heading-h2 custom-color-heading blockquote modern-quote modern-centered  avia-builder-el-1  avia-builder-el-no-sibling  '><h2 class='av-special-heading-tag '  itemprop="headline"  >ATLÂNTIDA ARTE</h2><div class='special-heading-border'><div class='special-heading-inner-border' style='border-color:#ffffff'></div></div></div>

</div></div></main><!-- close content main element --></div></div><div id='av_section_2'  class='avia-section main_color avia-section-default avia-no-shadow  avia-bg-style-scroll  avia-builder-el-2  el_after_av_section  avia-builder-el-last   container_wrap fullsize' style='background-color: #ffffff;  '  ><div class='container' ><div class='template-page content  av-content-full alpha units'><div class='post-entry post-entry-type-page post-entry-2974'><div class='entry-content-wrapper clearfix'>
<div class="flex_column av_one_third  flex_column_div av-zero-column-padding first  avia-builder-el-3  el_before_av_two_third  avia-builder-el-first  " style='border-radius:0px; '><p><div  class='avia-image-container  av-styling-    avia-builder-el-4  el_before_av_textblock  avia-builder-el-first  avia-align-center '  itemprop="image" itemscope="itemscope" itemtype="https://schema.org/ImageObject"  ><div class='avia-image-container-inner'><div class='avia-image-overlay-wrap'><img class='avia_image' src='https://www.gravuragaleria.com.br/wp-content/uploads/2025/02/WhatsApp-Image-2025-02-02-at-09.18.08-225x300.jpeg' alt='' title='WhatsApp Image 2025-02-02 at 09.18.08' height="300" width="225"  itemprop="thumbnailUrl"  /></div></div></div><br />
<section class="av_textblock_section "  itemscope="itemscope" itemtype="https://schema.org/CreativeWork" ><div class='avia_textblock  '   itemprop="text" ><p>Todos os anos, com a chegada do verão, a Gravura Galeria apresenta o <strong>Atlântida Arte</strong>, na Av. Paraguassu, 5199, em Atlântida, RS.</p>
<p>A grande área da exposição permite que todas as obras sejam apreciadas individualmente e o público circule livremente. Desta forma, além da beleza singular do litoral, os veranistas poderão apreciar a pluralidade da arte num espaço diverso e movimentado pela curiosidade dos turistas que procuram atividades durante as férias.</p>
</div></section></p></div><div class="flex_column av_two_third  flex_column_div av-zero-column-padding   avia-builder-el-6  el_after_av_one_third  avia-builder-el-last  " style='border-radius:0px; '><div  id="1"  class='av-magazine   avia-builder-el-7  avia-builder-el-no-sibling   av-magazine-top-bar-active av-magazine-tabs-active' ><div class='av-magazine-top-bar ' ></div><div class='av-magazine-group sort_all'><article class='av-magazine-entry av-magazine-entry-id-26126 av-magazine-format-standard av-magazine-type-post av-magazine-entry-1 av-magazine-entry-small '  itemscope="itemscope" itemtype="https://schema.org/CreativeWork" ><div class='av-magazine-thumbnail'><a href='https://www.gravuragaleria.com.br/?p=26126' title='Link to: Exposição “Através: Poéticas da Materialidade” explora pluralidade de materiais como instrumentos artísticos' class='av-magazine-thumbnail-link '><img loading="lazy" decoding="async" width="80" height="80" src="https://www.gravuragaleria.com.br/wp-content/uploads/2025/04/CONVITEvirtual-80x80.jpg" class="attachment-thumbnail size-thumbnail wp-post-image" alt="" srcset="https://www.gravuragaleria.com.br/wp-content/uploads/2025/04/CONVITEvirtual-80x80.jpg 80w, https://www.gravuragaleria.com.br/wp-content/uploads/2025/04/CONVITEvirtual-36x36.jpg 36w, https://www.gravuragaleria.com.br/wp-content/uploads/2025/04/CONVITEvirtual-180x180.jpg 180w, https://www.gravuragaleria.com.br/wp-content/uploads/2025/04/CONVITEvirtual-120x120.jpg 120w, https://www.gravuragaleria.com.br/wp-content/uploads/2025/04/CONVITEvirtual-450x450.jpg 450w, https://www.gravuragaleria.com.br/wp-content/uploads/2025/04/CONVITEvirtual-300x300.jpg 300w, https://www.gravuragaleria.com.br/wp-content/uploads/2025/04/CONVITEvirtual-100x100.jpg 100w" sizes="auto, (max-width: 80px) 100vw, 80px" /></a></div><div class='av-magazine-content-wrap'><header class='entry-content-header'><time class='av-magazine-time updated'  itemprop="datePublished" datetime="2025-04-09T10:40:11-03:00" >9 de abril de 2025</time><h3 class='av-magazine-title entry-title '  itemprop="headline" ><a href='https://www.gravuragaleria.com.br/?p=26126' title='Link to: Exposição “Através: Poéticas da Materialidade” explora pluralidade de materiais como instrumentos artísticos'>Exposição “Através: Poéticas da Materialidade” explora pluralidade de materiais como instrumentos artísticos</a></h3></header></div><footer class='entry-footer'></footer></article><article class='av-magazine-entry av-magazine-entry-id-25941 av-magazine-format-standard av-magazine-type-post av-magazine-entry-2 av-magazine-entry-small '  itemscope="itemscope" itemtype="https://schema.org/CreativeWork" ><div class='av-magazine-thumbnail'><a href='https://www.gravuragaleria.com.br/?p=25941' title='Link to: Gravura Galeria de Arte apresenta a exposição de esculturas “Corpos”' class='av-magazine-thumbnail-link '><img loading="lazy" decoding="async" width="80" height="80" src="https://www.gravuragaleria.com.br/wp-content/uploads/2025/03/482061808_667758422270650_3726295179615723819_n-80x80.png" class="attachment-thumbnail size-thumbnail wp-post-image" alt="" srcset="https://www.gravuragaleria.com.br/wp-content/uploads/2025/03/482061808_667758422270650_3726295179615723819_n-80x80.png 80w, https://www.gravuragaleria.com.br/wp-content/uploads/2025/03/482061808_667758422270650_3726295179615723819_n-36x36.png 36w, https://www.gravuragaleria.com.br/wp-content/uploads/2025/03/482061808_667758422270650_3726295179615723819_n-180x180.png 180w, https://www.gravuragaleria.com.br/wp-content/uploads/2025/03/482061808_667758422270650_3726295179615723819_n-120x120.png 120w, https://www.gravuragaleria.com.br/wp-content/uploads/2025/03/482061808_667758422270650_3726295179615723819_n-450x450.png 450w, https://www.gravuragaleria.com.br/wp-content/uploads/2025/03/482061808_667758422270650_3726295179615723819_n-300x300.png 300w, https://www.gravuragaleria.com.br/wp-content/uploads/2025/03/482061808_667758422270650_3726295179615723819_n-100x100.png 100w" sizes="auto, (max-width: 80px) 100vw, 80px" /></a></div><div class='av-magazine-content-wrap'><header class='entry-content-header'><time class='av-magazine-time updated'  itemprop="datePublished" datetime="2025-03-11T14:50:02-03:00" >11 de março de 2025</time><h3 class='av-magazine-title entry-title '  itemprop="headline" ><a href='https://www.gravuragaleria.com.br/?p=25941' title='Link to: Gravura Galeria de Arte apresenta a exposição de esculturas “Corpos”'>Gravura Galeria de Arte apresenta a exposição de esculturas “Corpos”</a></h3></header></div><footer class='entry-footer'></footer></article><article class='av-magazine-entry av-magazine-entry-id-25834 av-magazine-format-standard av-magazine-type-post av-magazine-entry-3 av-magazine-entry-small '  itemscope="itemscope" itemtype="https://schema.org/CreativeWork" ><div class='av-magazine-thumbnail'><a href='https://www.gravuragaleria.com.br/?p=25834' title='Link to: Gravura Galeria de Arte comemora os 20 anos de Veraneio Atlântida Arte' class='av-magazine-thumbnail-link '><img loading="lazy" decoding="async" width="80" height="80" src="https://www.gravuragaleria.com.br/wp-content/uploads/2024/12/Screenshot-2024-12-27-at-12.46.11-80x80.png" class="attachment-thumbnail size-thumbnail wp-post-image" alt="" srcset="https://www.gravuragaleria.com.br/wp-content/uploads/2024/12/Screenshot-2024-12-27-at-12.46.11-80x80.png 80w, https://www.gravuragaleria.com.br/wp-content/uploads/2024/12/Screenshot-2024-12-27-at-12.46.11-36x36.png 36w, https://www.gravuragaleria.com.br/wp-content/uploads/2024/12/Screenshot-2024-12-27-at-12.46.11-180x180.png 180w, https://www.gravuragaleria.com.br/wp-content/uploads/2024/12/Screenshot-2024-12-27-at-12.46.11-120x120.png 120w, https://www.gravuragaleria.com.br/wp-content/uploads/2024/12/Screenshot-2024-12-27-at-12.46.11-450x450.png 450w, https://www.gravuragaleria.com.br/wp-content/uploads/2024/12/Screenshot-2024-12-27-at-12.46.11-300x300.png 300w, https://www.gravuragaleria.com.br/wp-content/uploads/2024/12/Screenshot-2024-12-27-at-12.46.11-100x100.png 100w" sizes="auto, (max-width: 80px) 100vw, 80px" /></a></div><div class='av-magazine-content-wrap'><header class='entry-content-header'><time class='av-magazine-time updated'  itemprop="datePublished" datetime="2024-12-27T10:25:56-03:00" >27 de dezembro de 2024</time><h3 class='av-magazine-title entry-title '  itemprop="headline" ><a href='https://www.gravuragaleria.com.br/?p=25834' title='Link to: Gravura Galeria de Arte comemora os 20 anos de Veraneio Atlântida Arte'>Gravura Galeria de Arte comemora os 20 anos de Veraneio Atlântida Arte</a></h3></header></div><footer class='entry-footer'></footer></article></div></div></div>
